.
181
List the prime factors of (41/(861/72))/(4/7322).
2, 3, 523
Let l(b) = -b**2 + 18*b + 39. Suppose 380 = -3*n + 8*n. Suppose -n = -q - 3*q. What are the prime factors of l(q)?
2, 5
Suppose -p - 3030 = 9*p. Let z = 872 + p. List the prime factors of z.
569
Let z(q) = -q**3 - 6*q**2 - 4*q - 10. Let g be z(-7). Let d be 3367/3 + (-4)/(-6). Suppose d = 6*a + g. List the prime factors of a.
2, 11
Suppose 0 = 3*v - 4*j + 393, 6*j = -5*v + 3*j - 626. Let a = 176 + v. List the prime factors of a.
7
Let d be 12*(-20)/(-6) + 5 + -3. List the prime factors of (-733)/(-3) + -8*7/d.
3
Suppose -1191 = -4*u - 4*p - 3611, 611 = -u - 3*p. Let d = u + 1309. List the prime factors of d.
7, 101
Let s = 108 + -108. Suppose -59*a + 64*a - 830 = s. Suppose -j - 5*h = -a, 4*h + 117 = 3*j - 362. List the prime factors of j.
7, 23
List the prime factors of (-68422360)/(-6948) - (-4)/18.
2, 1231
Suppose 9*d - 18 = 6*d. List the prime factors of (-222)/(-12)*d + 2.
113
Let s(c) = 4*c + 24. Let w be s(-13). Let b be w/(-13) - (3 - (-222)/(-78)). Suppose -230 = -4*m - 3*r, b*m + 4*r = -r + 108. List the prime factors of m.
59
Let m(w) = w**2 + 8*w + 13. Let t be (-22)/3 + 10/30. Let f be m(t). Suppose -2*c + f = -72. List the prime factors of c.
3, 13
Let v be (33/(-55))/(1/(-45)). Suppose -2*p = -0 - 8, 3*j + 3*p - v = 0. Suppose j*q - 21 = 4*q. What are the prime factors of q?
3, 7
Suppose 0 = 3*u - w - 514, 136 = 4*u + w - 554. Let i = u + -131. What are the prime factors of i?
41
Let d = 4202 + -2517. List the prime factors of d.
5, 337
Let w be 150/24 + (-1)/4 - 3. List the prime factors of (w - 21*5/15) + 228.
2, 7
Let x(a) = 4*a + 21. Let m be x(-9). Let s be (6/(-20)*6)/(m/675). Let z = 99 - s. List the prime factors of z.
2, 3
Suppose 5*z + 48 = -77. Let u = -25 - z. Suppose u = -2*d + 25 + 17. What are the prime factors of d?
3, 7
Let w = 172 - 225. List the prime factors of (-9 - -3) + (-4 - w).
43
Let p(m) = 9*m**2 - 4*m + 9. Let y = 109 + -115. What are the prime factors of p(y)?
3, 7, 17
Suppose 15*z - 1566203 = -13*z - 25*z. List the prime factors of z.
29, 1019
Let t(y) = 7*y**3 + 3*y**2 + 17*y - 7. Let l(r) = -8*r**3 - 4*r**2 - 18*r + 9. Let q(c) = 4*l(c) + 5*t(c). List the prime factors of q(6).
691
Let n(w) = -10*w + 10. Let g be n(-4). Let l = 49 - g. What are the prime factors of -6 - -7 - (l + -85 + -1)?
2, 11
Suppose 5*x - 2 = -a, 5*a + 5*x + 6 + 4 = 0. Let p be (1088/24)/(a + (-10)/(-3)). Suppose -19 + p = j. List the prime factors of j.
3, 13
Let m(s) be the third derivative of 11*s**4/8 + 85*s**3/6 - 7*s**2 + 2*s. What are the prime factors of m(9)?
2, 191
Suppose 0 = -5*f + 16*s + 74912, -2*s - 33231 - 41653 = -5*f. What are the prime factors of f?
2, 3, 13
Suppose t = -5*n - 4*t - 2655, -4*t - 2650 = 5*n. Let z = 285 - n. List the prime factors of z.
811
Let r = 584 - 584. Suppose r = d - 4, d + 642 = 5*x - 344. What are the prime factors of x?
2, 3, 11
Let x(w) = 2222*w + 92. List the prime factors of x(6).
2, 839
Let z be (11 + -2)*32/3. Let r = z - 317. Let b = 391 + r. List the prime factors of b.
2, 5, 17
Let a be (-2 + 5/2)/((-2)/(-12)). Suppose 0*u = 5*n + u + 15, -u - 11 = a*n. List the prime factors of 10*n/(10/(-65)).
2, 5, 13
Suppose -435*m + 438*m + i = 68, 4*m - i - 93 = 0. What are the prime factors of m?
23
Let l(z) be the first derivative of -8 + 2*z - 59*z**2 + 71*z**2 - 6*z. List the prime factors of l(10).
2, 59
Suppose 2*u + 20 = 7*u. Let z be u/16 + (-415)/(-4). Suppose 0 = r + 3*r + 4*d - z, -2*r + 48 = d. What are the prime factors of r?
2, 11
Suppose 0 = 70*p - 87*p + 80291. List the prime factors of p.
4723
Let g(a) = -2*a**3 + 2*a**2 + 3*a + 7994. List the prime factors of g(0).
2, 7, 571
Suppose 0 = -4*x + 9*x + 165. Let m be 6/x - (-90)/11. Let y = 90 - m. List the prime factors of y.
2, 41
Suppose 0 = -4*b + 3*b - 2*p + 18, 4*p - 102 = -5*b. Suppose -b*h + 8*h = 42. List the prime factors of (-182)/h*3 + (-4)/(-1).
2, 3, 31
Let j = -62 + 52. Let h(f) = -f - 14. Let c be h(j). List the prime factors of ((20/3)/c)/((-1)/6).
2, 5
Let a be (-3 - (-1258)/(-6))/(2/9). Let c = a - -1344. Suppose -4*m - c = -1103. List the prime factors of m.
179
Let j(r) = -10*r**3 - 4*r**2 - 9*r + 3. Let i be j(-3). Let v = 578 - i. What are the prime factors of v?
2, 157
Let v(w) = 2*w**2 + 36*w - 3308. List the prime factors of v(91).
2, 3, 5, 19, 29
Suppose 0 = -3*t + 5*d - 533, 0 = t + 3*d + 117 + 42. Suppose 176 = -5*r - 289. Let f = r - t. What are the prime factors of f?
2, 3, 13
Let h = -100 + 111. Let u(k) = k**3 - 13*k**2 + 20*k + 25. Let o be u(h). Suppose 0*j + o*j + i = 321, 0 = -3*j - 3*i + 315. List the prime factors of j.
2, 3
Suppose -20*k + 51*k = -527. Let x(z) = z**2 - 17*z + 75. What are the prime factors of x(k)?
653
Let z(s) = -7*s**3 + 3*s**2 - 11*s - 61. List the prime factors of z(-6).
5, 13
Suppose 33*l + 30*l = 12222. What are the prime factors of l?
2, 97
Let r(u) = 11*u + 21. Let x be (-15)/10 + 11/2. Let t(q) = 210*q + 399. Let l(w) = x*t(w) - 77*r(w). What are the prime factors of l(-6)?
3, 7
List the prime factors of (-10)/(-12) + 2/(-6) + (-10665531)/(-718).
5, 2971
Let s(y) = y**2 - 2*y + 4. Let a be s(0). What are the prime factors of 582/a*400/60?
2, 5, 97
Let t(c) = 29*c**2 + 53*c + 432. What are the prime factors of t(-10)?
2, 3, 467
Let f(m) = 6*m**2 - m - 1. Let t be f(-1). Let x(i) = -11*i + 17. Let s(z) = -24*z + 35. Let q(a) = -6*s(a) + 13*x(a). What are the prime factors of q(t)?
17
Let h = 18165 + -3503. List the prime factors of h.
2, 7331
Let i = -75 + 43. Let j = 139 - i. What are the prime factors of j?
3, 19
Let f(d) = -d**2 + 22*d - 4. Let j be f(15). Let y(t) = t**3 + 4*t**2 + 2*t + 2. Let c be y(-3). Suppose -19 - j = -c*b. What are the prime factors of b?
2, 3
Let w = -279 + 1081. Let t = w + -201. What are the prime factors of t?
601
Suppose -8*a + 31565 = -3*a + t, 4*t = 4*a - 25276. What are the prime factors of a?
2, 7, 11, 41
What are the prime factors of (3 - (-98)/(-8))/(2/(-2896)*1)?
2, 37, 181
Let n(u) = -19*u - 57. Let l be n(-3). Suppose 3*j - 4*r = -3*r + 38, -4*j - 5*r + 57 = l. What are the prime factors of j?
13
Let v be 136/(-16) + 8 + (-2)/(-4). Suppose 5*j + 3*o - 476 = v, 9*o + 3 = 8*o. List the prime factors of j.
97
Let b = 109 - 107. Let g be (b/3)/(4/(-18)) - -1251. Suppose 0 = -5*c - 3*j + g, 4*c + 5*j - 340 = 648. What are the prime factors of c?
2, 3, 7
Suppose -4*r + 2*f - 653 = 2365, r = 2*f - 756. Let z = 1156 + r. List the prime factors of z.
2, 3, 67
Suppose 0 = -60*t + 82070 + 697874 + 499976. List the prime factors of t.
2, 5333
Suppose 0 = -60*p + 71*p - 132. Let g be 3 + 2/4*0. Suppose y + p*z - 10*z - 153 = 0, 5*y + g*z = 765. What are the prime factors of y?
3, 17
Suppose 12*h = 3*h + 819. Let k = h - 56. What are the prime factors of k?
5, 7
Let a(z) = 8777*z**2 - 12*z - 7. List the prime factors of a(-1).
2, 4391
Let g(x) = -355*x + 253. Let s be g(-33). List the prime factors of ((-51)/(-4))/(22/(s/12)).
2, 17
Let n be 7/(49/2086) - 0/1. Let s = n + -111. Suppose -q = 3*q - v - 748, -5*v = q - s. What are the prime factors of q?
11, 17
Let u = 4049 - -25589. List the prime factors of u/(-145)*(-10)/4.
7, 73
Suppose -h = 15 + 326. Let y = h - -640. Suppose 115 = -2*r + y. List the prime factors of r.
2, 23
Let n be (-10 - (-384)/40) + (-3412)/(-5). Suppose 1 = -2*g + 23. Suppose 0 = -g*z - 0*z + n. List the prime factors of z.
2, 31
Suppose -8 - 8 = -4*b. Let i(c) = 17*c + 110. Let x be i(-6). List the prime factors of b/x + 174/4.
2, 11
Let j = 84137 - 18200. What are the prime factors of j?
3, 31, 709
Let n = -3438 - -5068. Suppose 6*i - i - n = 0. Suppose w - 73 = -2*k + 100, 4*k = 2*w + i. What are the prime factors of k?
2, 3, 7
Suppose 16402 = h - 94*d + 95*d, 5*h + 3*d = 82018. List the prime factors of h.
2, 13, 631
Let k = 14492 + -11718. List the prime factors of k.
2, 19, 73
Suppose -308 = 5*l - j + 4*j, -4*l = 3*j + 244. Let t be ((-32)/l)/((-2)/(-4)*1). What are the prime factors of (-6355)/(-62) + (2/(-4))/t?
2, 3, 17
Let b be 78/14 + -2 - (-24)/(-42). Suppose 5*a - 1082 = -4*s, -5*s = b*a - 789 + 132. List the prime factors of a.
2, 107
Let y be (4/6)/(-1)*(-576)/4. Let q = y - -14. What are the prime factors of q?
2, 5, 1